5*g + 7/12*g**4 + 0 + g**3 + 3*g**2. Let s be c(-6). Let a(i) = -i**2 + 6*i + 1. Determine a(s).
1
Let a(i) = 14 - 3*i**2 + 8*i**2 - 4*i**2 + i - 2. Suppose 9*o - 2*o = -o. What is a(o)?
12
Let w = -3063 - -3059. Let i(u) be the second derivative of -u**5/20 - u**4/4 + 5*u**3/6 + u**2/2 + 2*u. Calculate i(w).
-3
Let z(b) = b**2 + 20*b + 13. Let j(r) = -r**3 - 17*r**2 + 17*r - 37. Let o be j(-18). What is z(o)?
-6
Let s(r) = 6*r**2 + 5*r + 4. Let f be (10*(-2)/(-30))/((-8)/12). Determine s(f).
5
Let i(d) = -4*d**3 - 2 + 2 + d. Let f = -12 - -16. Suppose -16 + 20 = -f*g. What is i(g)?
3
Let u(h) be the third derivative of h**4/8 - h**3/3 + 44*h**2. Suppose 4*l = 2*z - 7*z + 5, -5*z - 3*l + 10 = 0. What is u(z)?
13
Let t = -8 + 7. Let w = t + 6. Suppose -2*v - 2*y + w = -3*v, -2*v - 2*y + 14 = 0. Let s(u) = -u**3 + 3*u**2 + 2*u - 1. What is s(v)?
5
Let q(g) be the second derivative of g**4/6 - 4*g**3/3 + 3*g**2/2 + 250*g. What is q(6)?
27
Let h(f) = 11*f - 51. Let b be h(3). Let p(d) = d**3 + 17*d**2 - 18*d + 1. Calculate p(b).
1
Let q be (-37)/(-4) + (-6)/24. Suppose 0 - 27 = q*o. Let x(f) be the first derivative of f**4/4 + 4*f**3/3 + 3*f**2/2 + 2*f - 1. Determine x(o).
2
Let n(d) = -d**3 + 3*d**2 + 7*d - 5. Suppose 0 = -5*h + 5*l + 580, 0 = -h - 2*h + 5*l + 350. Let g = h - 111. Determine n(g).
7
Let t(s) = 4*s - s**2 - s**3 - 3 - 1 + 4*s**2. Let v = -3246 + 3249. Determine t(v).
8
Let r(u) be the third derivative of -u**6/60 - u**5/60 + u**4/12 + u**3/6 - 4*u**2. Let z be r(-2). Let y = -14 + z. Let m(t) = -t**2 - 4*t + 2. Calculate m(y).
-3
Let t(i) = i + 5. Let p(u) = -u**2 + 14*u - 15. Let b be p(13). Let z(q) = 3*q**2 - 3*q + 2. Let w be z(b). Suppose -2*g = 3*g + w. What is t(g)?
1
Let k(j) = -2*j**3 - 8*j**2 - 2*j + 6. Let l be k(-3). Let z(u) = -u**2 - 10*u - 6. Give z(l).
18
Let m(n) = -n**2 - 7*n - 4. Suppose 2*z + 0*z + 10 = 2*q, 4*z + 16 = 2*q. Suppose -2*h - 4 = q*w, -3*w - 8 = 2*h + 1. Determine m(w).
6
Let z be 12 - (0/(-9) + 10). Let d(q) = 8*q**2 - 2*q + 1. Calculate d(z).
29
Let w be (14/3 - 3)*45/75. Let v(h) = -28*h**3 - 2*h + 1. Calculate v(w).
-29
Let g(u) = u**3 - 12*u**2 + 18*u - 74. Let k be g(11). Let b(y) = 2*y**2 - 6*y + 6. Determine b(k).
6
Let m(d) = -d**2 - 25 + 76 + d**3 - 25 - 22. What is m(0)?
4
Let n = -118 - -129. Let a(m) = -m + 6. Calculate a(n).
-5
Let g(v) be the first derivative of -v**2/2 + 19. Suppose -2*y - y + 3*s = 21, 5*s = -2*y. Give g(y).
5
Let s(p) = -p**3 + 16*p**2 - 14*p - 22. Let r be s(15). Let w(g) = -g**3 - 6*g**2 + 5*g - 8. Give w(r).
6
Let s = -12 + 16. Let y be s*1 + 6/(-2). Let h(a) = 10*a + 1. What is h(y)?
11
Let i(j) = j**3 + 6*j**2 - j - 6. Suppose 19*s + 23 = -72. Calculate i(s).
24
Let r(p) = p**3 + 4*p**2 + 4*p + 3. Let g be r(-2). Let j(o) = 7 + 111*o**2 - o**3 - 103*o**2 + 0*o**g - 9*o. What is j(7)?
-7
Let f(j) be the second derivative of j**3/6 + j**2 - j. Let v = -1360 - -1350. What is f(v)?
-8
Let b(c) = -11*c**2 + c + 4 - 2*c - 5*c**2 - 5. Suppose -2*t - 3*i + 1 = 0, 0 = 3*t - 3*i + 6*i. What is b(t)?
-16
Let d(c) = 3*c - 3. Suppose -2*v + 4*v - 4 = 0. Suppose 4*a = 3*x + v, -3*x + 10 = 4*a - 2*x. Determine d(a).
3
Let x be (36/72)/(2 - (-18)/(-8)). Let q(c) = c**3 + 4*c**2 - 3*c - 3. Calculate q(x).
11
Let r = 53 - 32. Let p(j) = -10 - 15 + r + j. Calculate p(4).
0
Let d = -252 + 252. Let n(u) be the second derivative of d + 7*u + 1/12*u**4 + 1/20*u**5 + 0*u**3 + 0*u**2. Calculate n(2).
12
Let q(m) = -2*m - 3. Let z be ((-144)/(-120))/((-2)/10). Calculate q(z).
9
Let z(t) = t**3 + 6*t**2 - 6. Suppose -1241*p = -1238*p + 18. Calculate z(p).
-6
Let s = 2 - -11. Suppose 0 = -2*d + 3*n - 6*n - s, -9 = 3*d + n. Let t(k) = k**2 - 2. What is t(d)?
2
Suppose 6*m + 0*m - 90 = 0. Let c(y) = -14 + 14 + y - m. Calculate c(0).
-15
Let k be 0*(-10)/(-100) - (4 + -2). Let m(n) = -12*n + 1. Give m(k).
25
Let u(z) be the third derivative of z**4/12 + z**3/2 - 4*z**2 + 4. What is u(-3)?
-3
Let d(r) = -6*r. Let x(y) = y**2 - 23*y - 107. Let a be x(-4). Determine d(a).
-6
Let y = 17 - 55. Let j = 32 + y. Let b(h) = h**2 + 5*h - 6. Give b(j).
0
Let k = 18 - 16. Let v(u) = 2*u - 6*u**k + 1 + 2*u**3 - 3*u**3 + 3. What is v(-6)?
-8
Let a(w) = -12 - 7*w**2 - 2 - 9 - w**3 - 2 + 20. Suppose 2*o = 4*v - 37 + 7, 0 = -5*v + 20. Determine a(o).
-5
Let p be (-1)/(-21)*159 - 3/(-7). Suppose -15*o = -p*o - 14. Let i(m) = m + 2. Give i(o).
4
Let x(c) = -4*c**3 + 3*c**2 - c - 1. Let y be x(1). Let u(m) = -m**2 + 1 + 0 - 5*m - m. Give u(y).
10
Let f(j) = -19 + 4*j + 10 + 4 + 22. What is f(-4)?
1
Let u(z) = -z**2 - 6*z + 4. Let t be u(-6). Let s(r) = -9*r + 25. Let d(w) = -2*w + 5. Let n(a) = -4*d(a) + s(a). What is n(t)?
1
Let j = -9 + 11. Suppose m = j*m + 6. Let h(l) be the second derivative of -l**3/6 - 6*l**2 - 4*l. Calculate h(m).
-6
Let z be (60 + -1)*(-3)/3*1. Let m = z + 53. Let f(u) be the third derivative of u**5/60 + u**4/3 + 2*u**3/3 - u**2. Calculate f(m).
-8
Let j(n) be the third derivative of n**5/60 + 17*n**4/24 + 11*n**3/3 + n**2 - 18*n. Calculate j(-16).
6
Let v(w) be the first derivative of 5*w**2 - 2. Suppose 0*d + 10 = 5*d. Suppose 2*l - d = -0*l. Determine v(l).
10
Let x(m) = -3 - 6 + 9 + m - 1 - 1. Give x(4).
2
Let c(a) = 2*a - 2. Let o = -258 + 260. Calculate c(o).
2
Let w(m) = -5*m**3 - 4*m + 4*m**3 + 4*m - 3 - 4*m**2. What is w(-4)?
-3
Let f(u) = -96*u + 105. Let p be f(1). Let v(t) = -2*t**2 + 10*t + 7. Give v(p).
-65
Let f(m) be the third derivative of -1/12*m**4 + 19*m**2 + 0*m + 0 - 5/6*m**3. Determine f(-4).
3
Let k be 1 + (-6)/14 + 1836/(-3213). Let s(y) = 2*y**2 + 2*y + 5. What is s(k)?
5
Let n(o) = -2589*o + 2*o**2 + 1 + 2589*o. Determine n(-3).
19
Let m(a) = -a - 2. Let l be m(-5). Let i(c) = -6*c**2 + 3 + 0 - l. Let x(t) = t**3 - 3*t**2 + t + 3. Let s be x(2). What is i(s)?
-6
Let y(v) = -v**3 + v + 23. Suppose 2*t - 7*t = -23*t. Give y(t).
23
Let f(a) = 2*a**2 - 3*a - 9. Let y be f(6). Suppose 3*n - 4*g = -21, -17 + y = -4*n + g. Let p(k) = -k**2 - 5*k + 5. Give p(n).
-9
Let x = -16 + -2. Let t = x - -18. Let b(d) = -d - 7 + 2*d - 2*d. Calculate b(t).
-7
Suppose 5*z = -f - 31, 2*f - 15 = z - 0*z. Let n(h) = -h**3 - 6*h**2 + 9*h + 22. Determine n(z).
8
Suppose 39 = -21*l + 24*l. Let d(u) be the second derivative of -3*u**3/2 + u**2 - 2*u. Let q(y) = 4*y - 1. Let x(g) = l*q(g) + 6*d(g). Calculate x(3).
-7
Let g = 920 + -916. Let t(p) = p**2 - 3*p + 6. What is t(g)?
10
Let n(b) = -3*b + 10. Suppose 5*l = -4*a + 27, 10*a + 8 = 2*l + 13*a. What is n(l)?
-11
Let c(s) = -s**3 + 3*s**2 + 8*s - 3. Let v(q) = 3*q**3 - 5*q**2 - 18*q + 7. Let y(x) = 5*c(x) + 2*v(x). Calculate y(-2).
3
Let m be (-1 - 3/(-9))/(12/(-126)). Let b(n) = 3*n**2 + 18*n - 37. Let p(i) = -2*i**2 - 12*i + 25. Let f(r) = m*p(r) + 5*b(r). Give f(-8).
6
Let h(d) = -6*d - 2 + 4*d + 0*d - 2*d**2 + 1. Let y(v) = v + 1. Let a(i) = i**2 - i + 4. Let o(w) = a(w) - 2*y(w). Let r be o(3). Calculate h(r).
-13
Let w(b) = b. Let n be w(-1). Let s(d) = -3*d - 2. Let x(l) = 3*l. Let a(y) = y. Let f(z) = 4*a(z) - x(z). Let o(k) = n*s(k) - 2*f(k). Give o(-2).
0
Let d(l) = 10*l - 6. Suppose -4*a + 12 + 4 = 0. Determine d(a).
34
Let m(c) = 15*c**2 - 8*c + 49. Let z(t) = 11*t**2 - 4*t + 49. Let h(u) = 3*m(u) - 4*z(u). Calculate h(12).
-1
Let h(c) be the second derivative of -c**7/2520 - c**6/80 + 7*c**5/120 - 2*c**4 - 15*c. Let v(y) be the third derivative of h(y). Calculate v(-10).
-3
Let i(m) = 7*m**2 + 6. Let z(a) = -a**2 + a. Let q(l) = -i(l) - 6*z(l). Let n(c) = -c**2 - 4*c - 5. Let f be n(-4). Give q(f).
-1
Let t(d) = -d**2 + 28*d - 132. Let m be t(6). Let u(o) = 4*o - 3. Let r be u(2). Let x(q) = r + 2*q + 2*q**2 - q - q**2. Give x(m).
5
Suppose 0 = -6*w + w - 30. Let f = -50 + 52. Let j(t) = -4*t**2 - 6 + 8*t + 9*t**2 - 4*t**f - 4*t. Determine j(w).
6
Let z(l) = 11*l**2 + 4*l - 2. Let q be z(1). Suppose -4*c = -p - 23 + 2, 2*c - q = 3*p. Let k(m) be the second derivative of -m**4/2 + m**3/6 + 5*m. Give k(p).
-7
Let j(o) = -2*o**2 - o + 6 + o**2 + 2*o**2 + 0. Let q be j(0). Let p(x) be the first derivative of x**2/2 - 10*x + 1. Give p(q).
-4
Suppose -7*x = -3*x + 20. Let c(h) = -3*h**3 - 5*h**3 + 4*h**3 + 3*h**3 + 6*h - 4*h**2. Let z be c(x). Let m(u) = u**2 + 5*u - 7. What is m(z)?
-7
Let s = 31 - 0. Let g = s + -36.